{"id":51,"date":"2018-04-11T22:55:59","date_gmt":"2018-04-11T20:55:59","guid":{"rendered":"http:\/\/www.cosystory.be\/?page_id=51"},"modified":"2024-04-18T15:38:42","modified_gmt":"2024-04-18T13:38:42","slug":"en-pratique","status":"publish","type":"page","link":"https:\/\/www.cosystory.be\/index.php\/en-pratique\/","title":{"rendered":"En pratique"},"content":{"rendered":"<ul>\n<li><strong>En tant que professionnel, volontaire ou famille au contact des a\u00een\u00e9s <\/strong><\/li>\n<\/ul>\n<p><strong>Vous pouvez obtenir l&rsquo;outil ludique (50 cartes, d\u00e9, affiches \u00e0 personnaliser, sac) au prix de 49\u20ac <\/strong>(+ 8\u20ac de frais d&rsquo;envoi)<\/p>\n<p>Vous pouvez ensuite ajouter un carnet \u00e0 personnaliser avec chaque a\u00een\u00e9 accompagn\u00e9 = 25\u20ac par carnet (+ frais d&rsquo;envoi).<\/p>\n<ul>\n<li><strong>En tant que professionnels ou volontaires d&rsquo;institution au contact des a\u00een\u00e9s<\/strong><\/li>\n<\/ul>\n<p><strong>2 sessions de formation sont propos\u00e9es.<\/strong><\/p>\n<p><strong>Demi-jour <\/strong>de 3h30 pour votre institution (8 \u00e0 15 personnes), <strong>o\u00f9 nous sensibilisons chacun \u00e0 aborder l\u2019histoire de vie et \u00e0 apprivoiser l\u2019outil ludique Cosy Story, pour mener ensuite des s\u00e9ances de mani\u00e8re autonome<\/strong>\u00a0 = 360\u20ac pour la session.<\/p>\n<p><strong>Journ\u00e9e plus approfondie <\/strong>de 7h au prix de 700\u20ac. Ce qui permet d&rsquo;apprivoiser l&rsquo;outil ludique et de construire une <strong>v\u00e9ritable d\u00e9marche d&rsquo;institution autour des projets de vie individuels.<\/strong><\/p>\n<p>Aux sessions de formation, s&rsquo;ajoute la commande de l&rsquo;outil ludique (cartes, d\u00e9, affiches \u00e0 personnaliser, sac) = 49\u20ac par outil ludique (fourni le jour de la formation).<\/p>\n<ul>\n<li><strong>Vous passez ensuite des moments inoubliables&#8230;<\/strong><\/li>\n<\/ul>\n<p><a role=\"button\" href=\"http:\/\/www.cosystory.be\/index.php\/commande\/\" target=\"_blank\" rel=\"noopener\"><br \/>\nCommander ici<br \/>\n<\/a><\/p>\n","protected":false},"excerpt":{"rendered":"<p>En tant que professionnel, volontaire ou famille au contact des a\u00een\u00e9s Vous pouvez obtenir l&rsquo;outil ludique (50 cartes, d\u00e9, affiches \u00e0 personnaliser, sac) au prix de 49\u20ac (+ 8\u20ac de frais d&rsquo;envoi) Vous pouvez ensuite ajouter un carnet \u00e0 personnaliser avec chaque a\u00een\u00e9 accompagn\u00e9 = 25\u20ac par carnet (+ frais d&rsquo;envoi). En tant que professionnels &hellip; <\/p>\n<p class=\"link-more\"><a href=\"https:\/\/www.cosystory.be\/index.php\/en-pratique\/\" class=\"more-link\">Continuer la lecture<span class=\"screen-reader-text\"> de &laquo;&nbsp;En pratique&nbsp;&raquo;<\/span><\/a><\/p>\n","protected":false},"author":1,"featured_media":132,"parent":0,"menu_order":0,"comment_status":"closed","ping_status":"closed","template":"","meta":[],"_links":{"self":[{"href":"https:\/\/www.cosystory.be\/index.php\/wp-json\/wp\/v2\/pages\/51"}],"collection":[{"href":"https:\/\/www.cosystory.be\/index.php\/wp-json\/wp\/v2\/pages"}],"about":[{"href":"https:\/\/www.cosystory.be\/index.php\/wp-json\/wp\/v2\/types\/page"}],"author":[{"embeddable":true,"href":"https:\/\/www.cosystory.be\/index.php\/wp-json\/wp\/v2\/users\/1"}],"replies":[{"embeddable":true,"href":"https:\/\/www.cosystory.be\/index.php\/wp-json\/wp\/v2\/comments?post=51"}],"version-history":[{"count":5,"href":"https:\/\/www.cosystory.be\/index.php\/wp-json\/wp\/v2\/pages\/51\/revisions"}],"predecessor-version":[{"id":279,"href":"https:\/\/www.cosystory.be\/index.php\/wp-json\/wp\/v2\/pages\/51\/revisions\/279"}],"wp:featuredmedia":[{"embeddable":true,"href":"https:\/\/www.cosystory.be\/index.php\/wp-json\/wp\/v2\/media\/132"}],"wp:attachment":[{"href":"https:\/\/www.cosystory.be\/index.php\/wp-json\/wp\/v2\/media?parent=51"}],"curies":[{"name":"wp","href":"https:\/\/api.w.org\/{rel}","templated":true}]}}