{"id":8,"date":"2018-04-11T21:59:27","date_gmt":"2018-04-11T19:59:27","guid":{"rendered":"http:\/\/www.cosystory.be\/?page_id=8"},"modified":"2018-04-15T11:41:07","modified_gmt":"2018-04-15T09:41:07","slug":"avantages","status":"publish","type":"page","link":"https:\/\/www.cosystory.be\/index.php\/avantages\/","title":{"rendered":"Avantages"},"content":{"rendered":"<p><strong>Pour les a\u00een\u00e9s : <\/strong><\/p>\n<ul>\n<li>Passer un bon moment d\u2019\u00e9change ;<\/li>\n<li>Raconter son histoire ;<\/li>\n<li>Laisser \u00e9merger des souhaits ;<\/li>\n<li>S\u2019interroger sur leur r\u00e9alisation ;<\/li>\n<li>Ecrire son histoire ;<\/li>\n<li>Transmettre&#8230;<\/li>\n<\/ul>\n<p><strong>Pour la famille, les professionnels, les volontaires :<\/strong><\/p>\n<ul>\n<li>Offrir du temps et enrichir les relations humaines ;<\/li>\n<li>Approfondir la connaissance et la consid\u00e9ration des a\u00een\u00e9s ;<\/li>\n<li>Cr\u00e9er un support de communication avec l\u2019entourage ;<\/li>\n<li>Susciter chez les a\u00een\u00e9s l\u2019envie d\u2019\u00eatre acteur de sa vie et donc favoriser bien-\u00eatre, autonomie, r\u00e9alisation de soi, lien social.<\/li>\n<\/ul>\n","protected":false},"excerpt":{"rendered":"<p>Pour les a\u00een\u00e9s : Passer un bon moment d\u2019\u00e9change ; Raconter son histoire ; Laisser \u00e9merger des souhaits ; S\u2019interroger sur leur r\u00e9alisation ; Ecrire son histoire ; Transmettre&#8230; Pour la famille, les professionnels, les volontaires : Offrir du temps et enrichir les relations humaines ; Approfondir la connaissance et la consid\u00e9ration des a\u00een\u00e9s ; &hellip; <\/p>\n<p class=\"link-more\"><a href=\"https:\/\/www.cosystory.be\/index.php\/avantages\/\" class=\"more-link\">Continuer la lecture<span class=\"screen-reader-text\"> de &laquo;&nbsp;Avantages&nbsp;&raquo;<\/span><\/a><\/p>\n","protected":false},"author":1,"featured_media":129,"parent":0,"menu_order":0,"comment_status":"closed","ping_status":"closed","template":"","meta":[],"_links":{"self":[{"href":"https:\/\/www.cosystory.be\/index.php\/wp-json\/wp\/v2\/pages\/8"}],"collection":[{"href":"https:\/\/www.cosystory.be\/index.php\/wp-json\/wp\/v2\/pages"}],"about":[{"href":"https:\/\/www.cosystory.be\/index.php\/wp-json\/wp\/v2\/types\/page"}],"author":[{"embeddable":true,"href":"https:\/\/www.cosystory.be\/index.php\/wp-json\/wp\/v2\/users\/1"}],"replies":[{"embeddable":true,"href":"https:\/\/www.cosystory.be\/index.php\/wp-json\/wp\/v2\/comments?post=8"}],"version-history":[{"count":0,"href":"https:\/\/www.cosystory.be\/index.php\/wp-json\/wp\/v2\/pages\/8\/revisions"}],"wp:featuredmedia":[{"embeddable":true,"href":"https:\/\/www.cosystory.be\/index.php\/wp-json\/wp\/v2\/media\/129"}],"wp:attachment":[{"href":"https:\/\/www.cosystory.be\/index.php\/wp-json\/wp\/v2\/media?parent=8"}],"curies":[{"name":"wp","href":"https:\/\/api.w.org\/{rel}","templated":true}]}}